alse
Is 5405351201 prime?
False
Is 19737448603 composite?
False
Is 30007639 prime?
True
Is 46095109211 composite?
False
Is 74927263 composite?
True
Is 4956166627 composite?
True
Is 10893906817 a composite number?
True
Is 7601040961 composite?
False
Is 22829035793 a composite number?
True
Is 877788673 a prime number?
True
Is 10529620901 a composite number?
True
Is 26010701 composite?
False
Is 706074853 composite?
True
Is 1412553841 a prime number?
False
Is 3367643737 composite?
True
Is 14244323 a composite number?
False
Is 4413617927 a prime number?
False
Is 29146246117 a composite number?
False
Is 15438243043 a composite number?
False
Is 146329059193 a composite number?
False
Is 10258522831 prime?
True
Is 421317163 a composite number?
False
Is 50504917459 composite?
True
Is 339829873 prime?
True
Is 42315982505 a composite number?
True
Is 54762101263 composite?
True
Is 30462402989 a composite number?
True
Is 11897536769 prime?
True
Is 6787321943 prime?
True
Is 667775807 a composite number?
False
Is 2132804131 prime?
False
Is 1521358249 a prime number?
False
Is 9859016711 composite?
True
Is 25964913181 a composite number?
True
Is 5148196949 a composite number?
True
Is 7382533139 a prime number?
False
Is 192666499 composite?
False
Is 33075750661 a composite number?
False
Is 21368345329 a prime number?
True
Is 78913425449 a composite number?
True
Is 148879249517 a composite number?
True
Is 199625869 a composite number?
False
Is 4745281909 prime?
False
Is 306873487 composite?
False
Is 2386121879 a composite number?
False
Is 3372343255 a composite number?
True
Is 270696511 prime?
True
Is 3032739673 a composite number?
False
Is 172144247 prime?
False
Is 43366481 a prime number?
False
Is 3281939677 composite?
False
Is 4176919657 a composite number?
True
Is 25830192007 composite?
True
Is 321983157 a composite number?
True
Is 7317153409 a composite number?
False
Is 6076478117 a composite number?
False
Is 142638227 prime?
False
Is 7690118777 a composite number?
True
Is 21179271721 prime?
False
Is 94461491209 composite?
True
Is 12920562443 a composite number?
False
Is 1590766901 a composite number?
False
Is 12197920649 a prime number?
True
Is 16736236691 a prime number?
False
Is 13227823669 a composite number?
False
Is 50659065851 a prime number?
True
Is 3473215931 prime?
True
Is 1098617413 a prime number?
False
Is 301352903 composite?
False
Is 5423876501 prime?
True
Is 2674571441 a prime number?
True
Is 1686307654 prime?
False
Is 674656301 a prime number?
False
Is 993042359 composite?
False
Is 1316559329 composite?
True
Is 58484237527 a composite number?
False
Is 801856955 prime?
False
Is 145553735 prime?
False
Is 5944403 composite?
False
Is 24485047469 a prime number?
False
Is 1536433579 prime?
True
Is 517454363 composite?
False
Is 8761739465 a composite number?
True
Is 4816238923 prime?
True
Is 9193696793 a composite number?
False
Is 7928373643 a composite number?
False
Is 338212720889 composite?
False
Is 52108846807 prime?
False
Is 143932934759 a composite number?
False
Is 3343143827 prime?
True
Is 5133655477 prime?
True
Is 67998077951 prime?
True
Is 1390658861 a prime number?
True
Is 47617294313 composite?
True
Is 1043188298 a composite number?
True
Is 11030298619 a prime number?
False
Is 6968911799 a composite number?
False
Is 300456853 prime?
False
Is 4425440963 a composite number?
True
Is 4426446539 composite?
True
Is 10727128409 composite?
True
Is 48790733273 a prime number?
True
Is 13352565451 prime?
True
Is 8537383831 prime?
False
Is 15560379533 a composite number?
False
Is 3470053739 a composite number?
True
Is 100086045617 a composite number?
True
Is 67186627 a prime number?
False
Is 414952603 a composite number?
True
Is 351348925753 composite?
True
Is 959841167 a prime number?
False
Is 10735206671 composite?
True
Is 319593299 prime?
True
Is 5147720089 composite?
True
Is 2855839579 a composite number?
False
Is 41762639417 prime?
True
Is 5345528179 prime?
True
Is 1149324061 a composite number?
True
Is 1656803635 composite?
True
Is 1259674631 a composite number?
True
Is 9304051439 composite?
True
Is 6170414297 a prime number?
False
Is 679191389 a prime number?
True
Is 517215196331 prime?
True
Is 162492961 prime?
True
Is 6719818219 prime?
False
Is 1486684109 composite?
True
Is 7537115413 a prime number?
True
Is 54822799 a prime number?
True
Is 787099567 composite?
True
Is 1055699767 prime?
True
Is 72976979 a composite number?
False
Is 723772261 composite?
False
Is 4169995509 a composite number?
True
Is 136025779 prime?
True
Is 64461013 a composite number?
False
Is 5162827438 composite?
True
Is 1549619867 a composite number?
False
Is 15396761 prime?
True
Is 1802953811 a prime number?
True
Is 3755055817 a composite number?
True
Is 3885540511 a composite number?
True
Is 6394362349 a composite number?
True
Is 4239229 prime?
True
Is 70159759 composite?
False
Is 6326260567 a composite number?
True
Is 399972281 a prime number?
False
Is 188870281627 a prime number?
True
Is 145368067189 a composite number?
False
Is 31302183889 a composite number?
False
Is 1188951721 composite?
True
Is 20992807463 a prime number?
True
Is 829658653 prime?
True
Is 295548037 a prime number?
False
Is 3881773507 prime?
True
Is 21659320981 composite?
True
Is 1301003255 prime?
False
Is 72345367 composite?
False
Is 52509502271 prime?
False
Is 2637720821 a prime number?
True
Is 856616023 a composite number?
False
Is 2743070801 prime?
False
Is 21654370853 prime?
False
Is 12380713207 a composite number?
False
Is 6631022599 a composite number?
True
Is 2267890143 composite?
True
Is 5977502483 composite?
False
Is 111121837 composite?
True
Is 23950839767 composite?
True
Is 3356244503 a composite number?
True
Is 64001443279 a composite number?
False
Is 996178231 a prime number?
False
Is 30497493293 a prime number?
True
Is 5664182773 a prime number?
True
Is 10366286471 composite?
False
Is 3178167441 composite?
True
Is 2199951659 a prime number?
False
Is 220063966093 a composite number?
False
Is 905778821 composite?
True
Is 11355772151 a composite number?
False
Is 179953211 a composite number?
True
Is 15549627893 a prime number?
True
Is 358360829 prime?
True
Is 37287349779 prime?
False
Is 23293958707 a composite number?
False
Is 33652004897 prime?
False
Is 2385408379 a prime number?
True
Is 2033678237 prime?
True
Is 650806883 a prime number?
True
Is 32505475409 composite?
True
Is 2218318369 a composite number?
True
Is 9025694603 a prime number?
True
Is 11444462923 a composite number?
True
Is 64813404161 prime?
False
Is 22626779291 prime?
False
Is 66982826809 composite?
True
Is 13904576249 a composite number?
True
Is 8419529953 a prime number?
False
Is 1103547587 prime?
False
Is 3228557251 prime?
False
Is 1588776373 a prime number?
True
Is 22748701 composite?
True
Is 1727646703 prime?
True
Is 4542049297 a prime number?
False
Is 3639622751 composite?
False
Is 32500918649 composite?
True
Is 179371943 a prime number?
True
Is 75711420233 a prime number?
False
Is 1646378297 composite?
False
Is 30528494861 a composite number?
True
Is 34174691 prime?
True
Is 63052164289 composite?
True
Is 381883267 prime?
True
Is 2301853831 composite?
False
Is 1008333098 a composite number?
True
Is 2815574213 composite?
True
Is 68719661743 a composite number?
True
Is 42846919961 a prime number?
False
Is 471731341 composite?
True
Is 1597125721 composite?
False
Is 132733817 composite?
True
Is 4546879157 composite?
True
Is 12391946579 a composite number?
False
Is 743604149 a composite number?
False
Is 14844846739 prime?
False
Is 378460283 composite?
False
Is 51629732047 prime?
True
Is 89992433 prime?
True
Is 18612604187 a composite number?
False
Is 3156909829 a composite number?
True
Is 1178205139 a composite number?
True
Is 14286317161 prime?
True
Is 3750105439 prime?
False
Is 2376077419 a composite number?
True
Is 6781997093 prime?
False
Is 1098832261 prime?
True
Is 18458457071 a prime number?
False
Is 1577388637 a composite number?
True
Is 3102671413 a composite number?
True
Is 601805429 composite?
False
Is 162205013 a prime number?
False
Is 22013527513 prime?
False
Is 6071109613 a prime number?
False
Is 3517318319 a composite number?
True
Is 52675300409 a prime number?
False
Is 202160904901 a prime number?
T